{"id":55,"date":"2020-09-26T17:32:56","date_gmt":"2020-09-26T15:32:56","guid":{"rendered":"http:\/\/conferencedustage-aac.com\/?page_id=55"},"modified":"2025-10-07T11:17:58","modified_gmt":"2025-10-07T09:17:58","slug":"le-concours-de-la-conference-du-stage-2","status":"publish","type":"page","link":"https:\/\/conferencedustage-aac.com\/index.php\/le-concours-de-la-conference-du-stage-2\/","title":{"rendered":"LE CONCOURS DE LA CONF\u00c9RENCE DU STAGE"},"content":{"rendered":"\n<p><strong><em>N.B<\/em>. : Il n\u2019est pas n\u00e9cessaire d\u2019\u00eatre avocat<\/strong>. Tout titulaire d\u2019une ma\u00eetrise en droit ou d\u2019un master 1 ou \u00e9quivalent en droit peut \u00eatre candidat. Il n&rsquo;y a pas de limite d&rsquo;\u00e2ge.<\/p>\n\n\n\n<h4>L&rsquo;objet du concours de la Conf\u00e9rence<\/h4>\n\n\n\n<p>La Conf\u00e9rence est tout \u00e0 la fois un exercice de rh\u00e9torique et un concours d&rsquo;\u00e9loquence.<\/p>\n\n\n\n<p>Chaque discours constitue la r\u00e9ponse, positive ou n\u00e9gative, apport\u00e9e en quinze minutes \u00e0 une question de droit et de soci\u00e9t\u00e9 ayant donn\u00e9 lieu \u00e0 une d\u00e9cision r\u00e9cente des hautes juridictions (Cour de cassation, Conseil d&rsquo;\u00c9tat, Cour europ\u00e9enne des droits de l&rsquo;homme, Cour de justice de l&rsquo;Union europ\u00e9enne).&nbsp;<\/p>\n\n\n\n<p>Ce sont donc tant la valeur des arguments de droit \u2013 et parfois d&rsquo;opportunit\u00e9 \u2013 que leur expression qui sont jug\u00e9es dans le cadre du concours.<\/p>\n\n\n\n<p>N&rsquo;attendez plus pour rejoindre les rangs des secr\u00e9taires de la Conf\u00e9rence du stage qui, ils le r\u00e9p\u00e8tent \u00e0 l&rsquo;envi, n&rsquo;imaginaient pas un instant \u00eatre d\u00e9sign\u00e9s jusqu&rsquo;\u00e0 la derni\u00e8re minute !&nbsp;<\/p>\n\n\n\n<h4>Le d\u00e9roulement du concours<\/h4>\n\n\n\n<p>Le concours se d\u00e9roule en 3 \u00e9tapes.<\/p>\n\n\n\n<ul><li><strong>Premier tour<\/strong>&nbsp;: la s\u00e9lection de 12 orateurs<\/li><\/ul>\n\n\n\n<p>Chaque candidat prononce deux discours au cours du premier tour, sur des sujets et dans la position &#8211; demandeur \u00e0 la cassation,&nbsp;d\u00e9fendeur&nbsp;\u00e0 la cassation et&nbsp;Minist\u00e8re public &#8211; qu&rsquo;il a choisis au mois de novembre.<\/p>\n\n\n\n<p>Le premier tour se d\u00e9roule sur plusieurs mois, \u00e0 raison d&rsquo;une s\u00e9ance par semaine, chaque lundi. Chaque s\u00e9ance, une question est pos\u00e9e aux candidats \u2014 question qui a fait l&rsquo;objet d&rsquo;un&nbsp;arr\u00eat d&rsquo;une Haute juridiction.<\/p>\n\n\n\n<p>Chacun d\u00e9veloppe son argumentaire juridique dans un discours de 15 minutes qui se doit d&rsquo;\u00eatre bien&nbsp;<strong>structur\u00e9, convaincant<\/strong>&nbsp;et plaisant pour l&rsquo;auditoire \u2014 les&nbsp;<strong>r\u00e9f\u00e9rences extra-juridiques<\/strong>&nbsp;\u00e9tant bienvenues.<\/p>\n\n\n\n<p>Est alors recueilli l&rsquo;avis d&rsquo;une&nbsp;<strong>personnalit\u00e9 invit\u00e9e pour l&rsquo;occasion.&nbsp;<\/strong>L&rsquo;invit\u00e9 peut \u00eatre&nbsp;<strong>ext\u00e9rieur au monde du droit<\/strong>, auquel cas sa pr\u00e9sence t\u00e9moigne d&rsquo;une volont\u00e9 d&rsquo;appr\u00e9hender les questions au-del\u00e0 des probl\u00e9matiques purement juridiques. D&rsquo;autres fois ce sera un&nbsp;<strong>professeur de droit ou un praticien (avocat, magistrat)<\/strong>&nbsp;particuli\u00e8rement en prise sur le d\u00e9bat juridique pos\u00e9.&nbsp;<\/p>\n\n\n\n<p>Enfin, le secr\u00e9taire charg\u00e9 du&nbsp;<strong>rapport<\/strong>&nbsp;en donne lecture avant de proposer un projet d&rsquo;arr\u00eat, qui pr\u00e9c\u00e8de le&nbsp;<strong>vote de la Conf\u00e9rence<\/strong>.<\/p>\n\n\n\n<p>Les douze meilleurs candidats sont choisis par les secr\u00e9taires.<\/p>\n\n\n\n<ul><li><strong>Deuxi\u00e8me tour<\/strong>&nbsp;: la s\u00e9lection de 6 orateurs<\/li><\/ul>\n\n\n\n<p>Le deuxi\u00e8me tour se d\u00e9roule sur une journ\u00e9e.<\/p>\n\n\n\n<p>Parmi les quatre sujets propos\u00e9s, le sort d\u00e9cide du sujet sur lequel chaque candidat devra discourir, ainsi que de la position qu&rsquo;il devra d\u00e9fendre. <\/p>\n\n\n\n<p>Trois des six orateurs admis \u00e0 discourir au troisi\u00e8me tour sont choisis par les secr\u00e9taires tandis que les trois autres sont \u00e9lus, au terme d&rsquo;un vote majoritaire des candidats ayant pr\u00e9sent\u00e9 leurs discours au premier tour.<\/p>\n\n\n\n<ul><li><strong>Troisi\u00e8me tour<\/strong>&nbsp;: la d\u00e9signation des 4 secr\u00e9taires.<\/li><\/ul>\n\n\n\n<p>Le troisi\u00e8me tour se d\u00e9roule en une apr\u00e8s-midi en pr\u00e9sence des membres du Conseil de l&rsquo;Ordre des avocats aux Conseils.<\/p>\n\n\n\n<p>Les six derniers orateurs s&rsquo;affrontent sur un sujet unique et dans des positions qui leur sont impos\u00e9es par un tirage au sort.&nbsp;<\/p>\n\n\n\n<p>Les secr\u00e9taires en fonction soumettent, selon un ordre de m\u00e9rite, les noms de leurs quatre successeurs au Conseil de l&rsquo;Ordre qui dispose de la facult\u00e9 de modifier l&rsquo;ordre choisi par les secr\u00e9taires, ainsi que de modifier leur choix pour deux des orateurs d\u00e9sign\u00e9s.<\/p>\n\n\n\n<h4>\u00catre candidat au concours<\/h4>\n\n\n\n<p><strong>Il n&rsquo;est pas n\u00e9cessaire d&rsquo;\u00eatre avocat<\/strong>. Tout titulaire d&rsquo;une ma\u00eetrise en droit ou d&rsquo;un master 1 ou \u00e9quivalent en droit peut \u00eatre candidat. Ce sont chaque ann\u00e9e des universitaires, des avocats, des \u00e9l\u00e8ves-avocats, des doctorants et des \u00e9tudiants qui se portent candidats au concours de la Conf\u00e9rence.<\/p>\n\n\n\n<p>Le\u00a0<strong>large choix de sujets<\/strong>\u00a0propos\u00e9s au premier tour permet en outre \u00e0 chacun de trouver une question qui l&rsquo;int\u00e9ressera  \u2014 parce qu&rsquo;elle est en lien avec sa sp\u00e9cialisation juridique ou tout simplement parce qu&rsquo;elle a trait \u00e0 une question de soci\u00e9t\u00e9 en particulier. <\/p>\n\n\n\n<p><strong>Pour l&rsquo;ann\u00e9e 2025-2026, l&rsquo;inscription, le choix des sujets et leur affectation aura lieu le\u00a013 octobre 2025, \u00e0 18h, \u00e0 la biblioth\u00e8que de l&rsquo;Ordre des avocats aux Conseils <\/strong>(4 boulevard du Palais, Paris 1er).<strong>\u00a0<\/strong>Les candidats emp\u00each\u00e9s peuvent renvoyer directement les formulaires d&rsquo;inscription \u00e0 l&rsquo;Ordre des avocats aux Conseils mais, s&rsquo;agissant du choix de leurs sujets, la priorit\u00e9 sera donn\u00e9e aux personnes pr\u00e9sentes.<\/p>\n\n\n\n<p>Vous pourrez d\u00e9couvrir bient\u00f4t le&nbsp;programme de la Conf\u00e9rence, puis vous&nbsp;<a href=\"http:\/\/web.archive.org\/web\/20191223193911\/http:\/\/www.conferencedustage-aac.org\/inscription\">porter candidat<\/a>.<\/p>\n\n\n\n<h4>Contact<\/h4>\n\n\n\n<p>Des interrogations ? Consultez la page sur l&rsquo;<a href=\"https:\/\/conferencedustage-aac.com\/index.php\/inscription\/\" data-type=\"URL\" data-id=\"https:\/\/conferencedustage-aac.com\/index.php\/inscription\/\"><strong>inscription<\/strong><\/a>&nbsp;et n&rsquo;h\u00e9sitez pas \u00e0 nous&nbsp;<strong><a href=\"mailto:conference.stage@gmail.com\">contacter<\/a><\/strong>&nbsp;!<\/p>\n","protected":false},"excerpt":{"rendered":"<p>N.B. : Il n\u2019est pas n\u00e9cessaire d\u2019\u00eatre avocat. Tout titulaire d\u2019une ma\u00eetrise en droit ou d\u2019un master 1 ou \u00e9quivalent en droit peut \u00eatre candidat. Il n&rsquo;y a pas de limite d&rsquo;\u00e2ge. L&rsquo;objet du concours de la Conf\u00e9rence La Conf\u00e9rence est tout \u00e0 la fois un exercice de rh\u00e9torique et un concours d&rsquo;\u00e9loquence. Chaque discours &#8230; <a title=\"LE CONCOURS DE LA CONF\u00c9RENCE DU STAGE\" class=\"read-more\" href=\"https:\/\/conferencedustage-aac.com\/index.php\/le-concours-de-la-conference-du-stage-2\/\">Read more <span class=\"screen-reader-text\">LE CONCOURS DE LA CONF\u00c9RENCE DU STAGE<\/span><\/a><\/p>\n","protected":false},"author":1,"featured_media":0,"parent":0,"menu_order":0,"comment_status":"closed","ping_status":"closed","template":"","meta":[],"_links":{"self":[{"href":"https:\/\/conferencedustage-aac.com\/index.php\/wp-json\/wp\/v2\/pages\/55"}],"collection":[{"href":"https:\/\/conferencedustage-aac.com\/index.php\/wp-json\/wp\/v2\/pages"}],"about":[{"href":"https:\/\/conferencedustage-aac.com\/index.php\/wp-json\/wp\/v2\/types\/page"}],"author":[{"embeddable":true,"href":"https:\/\/conferencedustage-aac.com\/index.php\/wp-json\/wp\/v2\/users\/1"}],"replies":[{"embeddable":true,"href":"https:\/\/conferencedustage-aac.com\/index.php\/wp-json\/wp\/v2\/comments?post=55"}],"version-history":[{"count":18,"href":"https:\/\/conferencedustage-aac.com\/index.php\/wp-json\/wp\/v2\/pages\/55\/revisions"}],"predecessor-version":[{"id":1618,"href":"https:\/\/conferencedustage-aac.com\/index.php\/wp-json\/wp\/v2\/pages\/55\/revisions\/1618"}],"wp:attachment":[{"href":"https:\/\/conferencedustage-aac.com\/index.php\/wp-json\/wp\/v2\/media?parent=55"}],"curies":[{"name":"wp","href":"https:\/\/api.w.org\/{rel}","templated":true}]}}