{"id":56,"date":"2020-09-26T17:33:19","date_gmt":"2020-09-26T15:33:19","guid":{"rendered":"http:\/\/conferencedustage-aac.com\/?page_id=56"},"modified":"2021-09-24T21:09:38","modified_gmt":"2021-09-24T19:09:38","slug":"le-programme-2018-2019","status":"publish","type":"page","link":"https:\/\/conferencedustage-aac.com\/index.php\/le-programme-2018-2019\/","title":{"rendered":"Programme 2018-2019"},"content":{"rendered":"\n<p><strong>Vous pouvez t\u00e9l\u00e9charger le&nbsp;<a href=\"http:\/\/web.archive.org\/web\/20191223193911\/http:\/\/media.virbcdn.com\/files\/df\/d4401f008102ecca-Sujets2018-2019avecnomsdescandidatsv2.pdf\">programme 2018-2019 du premier tour<\/a>&nbsp;ainsi que le&nbsp;<a href=\"http:\/\/web.archive.org\/web\/20191223193911\/http:\/\/media.virbcdn.com\/files\/43\/08d007aaa95a9f64-CalendrierConfrencedustage2018-2019.pdf\">calendrier des s\u00e9ances de la Conf\u00e9rence<\/a>.<\/strong><\/p>\n\n\n\n<p><strong>Premier tour de la Conf\u00e9rence du stage 2018-2019<\/strong>&nbsp;<\/p>\n\n\n\n<p><strong><em>L&rsquo;ensemble des s\u00e9ances de la Conf\u00e9rence auront lieu \u00e0 la Biblioth\u00e8que de l&rsquo;Ordre des avocats aux Conseils, 4 boulevard du Palais, 75001 Paris (entr\u00e9e par la Cour de cassation, galerie Lamoignon).<\/em><\/strong><\/p>\n\n\n\n<p><strong>S\u00e9ance n\u00b0 1 : Lundi 5 novembre 2018 \u00e0 18 heures<\/strong><\/p>\n\n\n\n<p><em>Est-il exclu que les manuscrits r\u00e9dig\u00e9s par le g\u00e9n\u00e9ral de Gaulle entre d\u00e9cembre 1940 et d\u00e9cembre 1942 constituent des archives publiques ?<\/em><\/p>\n\n\n\n<p>CE, Ass., 13 avril 2018, req. n\u00b0&nbsp;410939, publi\u00e9 au recueil<\/p>\n\n\n\n<p>Rapporteur : Mme L\u00e9a Verdy<\/p>\n\n\n\n<p>Demandeur : Mme Anne Migault<\/p>\n\n\n\n<p>D\u00e9fendeur&nbsp;: Mme Estelle Hittinger-Roux&nbsp;<\/p>\n\n\n\n<p>Minist\u00e8re public : M. Alexandre Hattat<\/p>\n\n\n\n<p><strong>S\u00e9ance n\u00b0 2 : Lundi 12 novembre 2018 \u00e0 18 heures<\/strong><\/p>\n\n\n\n<p><em>Les articles L. 622-1 et L. 622-4 du code de l\u2019entr\u00e9e et du s\u00e9jour des \u00e9trangers et du droit d\u2019asile, dans leur r\u00e9daction issue de la loi n\u00b0 2012-1560 du 31 d\u00e9cembre 2012 relative \u00e0 la retenue pour v\u00e9rification du droit au s\u00e9jour, portent-ils atteinte aux droits et libert\u00e9s garantis par la Constitution ?<\/em><\/p>\n\n\n\n<p>Cons. const., 6 juillet 2018, d\u00e9cision n\u00b0&nbsp;2018-717\/718 QPC<\/p>\n\n\n\n<p>Rapporteur : M. Philippe Prigent<\/p>\n\n\n\n<p>Demandeur : M. Renaud Alm\u00e9ras<\/p>\n\n\n\n<p>D\u00e9fendeur : M. Christophe Delaisement<\/p>\n\n\n\n<p>Minist\u00e8re public : M. Christophe Bertagnolio<\/p>\n\n\n\n<p><strong>S\u00e9ance n\u00b0 3 : Lundi 19 novembre 2018 \u00e0 18 heures<\/strong><\/p>\n\n\n\n<p><em>Le principe d&rsquo;\u00e9galit\u00e9 devant la loi s&rsquo;oppose-t-il \u00e0 l&rsquo;application, \u00e0 des parents fonctionnaires appel\u00e9s \u00e0 exercer leurs fonctions \u00e0 l&rsquo;\u00e9tranger, des dispositions subordonnant le b\u00e9n\u00e9fice de certaines prestations familiales \u00e0 la r\u00e9sidence en France des enfants ?<\/em><\/p>\n\n\n\n<p>Civ.&nbsp;2e, 5 juillet 2018, pourvoi n\u00b0&nbsp;18-10.385, publi\u00e9 au bulletin<\/p>\n\n\n\n<p>Rapporteur : M. Pierre Kremp<\/p>\n\n\n\n<p>Demandeur : M. Benjamin Mathieu&nbsp;<\/p>\n\n\n\n<p>D\u00e9fendeur : M. Nicolas Guerrero<\/p>\n\n\n\n<p>Minist\u00e8re public : Mme B\u00e9n\u00e9dicte Rousseau<\/p>\n\n\n\n<p><strong>S\u00e9ance n\u00b0 4 : Lundi 26 novembre 2018 \u00e0 18 heures<\/strong><\/p>\n\n\n\n<p><em>Est-il exclu qu\u2019un enfant demande d\u00e8s sa naissance r\u00e9paration du pr\u00e9judice moral r\u00e9sultant du d\u00e9c\u00e8s accidentel de son p\u00e8re survenu alors qu&rsquo;il \u00e9tait con\u00e7u ?<\/em><\/p>\n\n\n\n<p>Civ. 2e, 14 d\u00e9cembre 2017, pourvoi n\u00b0&nbsp;16-26.687, publi\u00e9 au bulletin<\/p>\n\n\n\n<p>Rapporteur : Mme Pauline Le Prado<\/p>\n\n\n\n<p>1er demandeur : Mme Laure Colonna d&rsquo;Istria<\/p>\n\n\n\n<p>2\u00e8me demandeur : Mme B\u00e9n\u00e9dicte Parnaudeau<\/p>\n\n\n\n<p>1er d\u00e9fendeur : M. Franck F\u00e9lix-Edouard<\/p>\n\n\n\n<p>2\u00e8me d\u00e9fendeur : M. Christophe Fabre<\/p>\n\n\n\n<p>Minist\u00e8re public : Mme Manon Borde&nbsp;<\/p>\n\n\n\n<p><strong>S\u00e9ance n\u00b0 5 : Lundi 3 d\u00e9cembre 2018 \u00e0 18 heures<\/strong><\/p>\n\n\n\n<p><em>La possession d\u2019\u00e9tat de Fran\u00e7ais acquise \u00e0 la suite des man\u0153uvres frauduleuses des parents de celui qui s\u2019en pr\u00e9vaut ouvre-t-elle la possibilit\u00e9 de souscrire la d\u00e9claration d\u2019acquisition de la nationalit\u00e9 fran\u00e7aise pr\u00e9vue \u00e0 l\u2019article 21-13 du code civil ?<\/em><\/p>\n\n\n\n<p>Civ.&nbsp;1re, 4 juillet 2018, pourvoi n\u00b0&nbsp;17-20.588, publi\u00e9 au bulletin<\/p>\n\n\n\n<p>Rapporteur : Mme L\u00e9a Verdy<\/p>\n\n\n\n<p>1er demandeur : Mme Valentine Espinassous<\/p>\n\n\n\n<p>2\u00e8me demandeur : Mme Elodie Pasco&nbsp;<\/p>\n\n\n\n<p>1er d\u00e9fendeur : Mme Mathilde Cesaro<\/p>\n\n\n\n<p>2\u00e8me d\u00e9fendeur : M. Alexandre Hattat&nbsp;<\/p>\n\n\n\n<p>1er minist\u00e8re public : Mme Andrea Londono Lopez<\/p>\n\n\n\n<p>2\u00e8me minist\u00e8re public : Mme Marie Badiane&nbsp;<\/p>\n\n\n\n<p><strong>S\u00e9ance n\u00b0 6 : Jeudi 13 d\u00e9cembre 2018 \u00e0 18 heures<\/strong><\/p>\n\n\n\n<p><em>La radiation d\u2019un officier g\u00e9n\u00e9ral de l\u2019arm\u00e9e est-elle ill\u00e9gale quand il a particip\u00e9 \u00e0 une manifestation interdite par la pr\u00e9fecture, au cours de laquelle il a critiqu\u00e9 de fa\u00e7on virulente l\u2019action des pouvoirs publics en se pr\u00e9valant des responsabilit\u00e9s qu\u2019il a exerc\u00e9es ?<\/em><\/p>\n\n\n\n<p>CE, SSR 7\/2, 22 septembre 2017, req. n\u00b0&nbsp;404921, mentionn\u00e9 aux tables<\/p>\n\n\n\n<p>Rapporteur : M. Philippe Prigent<\/p>\n\n\n\n<p>1er demandeur : Mme Jenny Waszeck<\/p>\n\n\n\n<p>2\u00e8me demandeur : Mme Claire Perret&nbsp;<\/p>\n\n\n\n<p>1er d\u00e9fendeur : M. Cyprien B\u00e8s de Berc&nbsp;<\/p>\n\n\n\n<p>2\u00e8me d\u00e9fendeur : M. Paul Voigt&nbsp;<\/p>\n\n\n\n<p>Minist\u00e8re public : Mme Myriam Gougeon&nbsp;<\/p>\n\n\n\n<p><strong>S\u00e9ance n\u00b0 7 : Lundi 17 d\u00e9cembre 2018 \u00e0 18 heures<\/strong><\/p>\n\n\n\n<p><em>La d\u00e9gradation de l&rsquo;\u00e9tat de sant\u00e9 d&rsquo;un pr\u00e9venu qui le prive de ses capacit\u00e9s intellectuelles post\u00e9rieurement \u00e0 la commission des faits pour lesquels il est poursuivi exclut-elle qu&rsquo;il soit jug\u00e9 ?<\/em><\/p>\n\n\n\n<p>Crim., 5 septembre 2018, pourvoi n\u00b0&nbsp;17-84.402, publi\u00e9 au bulletin<\/p>\n\n\n\n<p>Rapporteur : M. Pierre Kremp<\/p>\n\n\n\n<p>1er demandeur : M. Paul-Henry Deveze&nbsp;<\/p>\n\n\n\n<p>2\u00e8me demandeur : Mme Camille Boulanger&nbsp;<\/p>\n\n\n\n<p>D\u00e9fendeur : Mme Ir\u00e8ne Delaunay<\/p>\n\n\n\n<p>1er minist\u00e8re public : M. Julien Boddaert&nbsp;<\/p>\n\n\n\n<p>2\u00e8me minist\u00e8re public : M. Amaury Bousquet&nbsp;<\/p>\n\n\n\n<p><strong>S\u00e9ance n\u00b0 8 : Lundi 7 janvier 2019 \u00e0 18 heures<\/strong><\/p>\n\n\n\n<p><em>Un employeur peut-il se pr\u00e9valoir de faits dont il a r\u00e9guli\u00e8rement eu connaissance au cours d&rsquo;une proc\u00e9dure p\u00e9nale pour licencier un salari\u00e9 qui n\u2019a pas \u00e9t\u00e9 poursuivi p\u00e9nalement ?<\/em><\/p>\n\n\n\n<p>Soc., 13 d\u00e9cembre 2017, pourvoi n\u00b0 16-17.193, publi\u00e9 au bulletin<\/p>\n\n\n\n<p>Rapporteur : Mme Pauline Le Prado<\/p>\n\n\n\n<p>Demandeur : Mme Manon Borde&nbsp;<\/p>\n\n\n\n<p>D\u00e9fendeur : M. Franck F\u00e9lix-Edouard&nbsp;<\/p>\n\n\n\n<p>1er minist\u00e8re public : Mme Claire Lyautey<\/p>\n\n\n\n<p>2\u00e8me minist\u00e8re public : Mme Anne Migault&nbsp;<\/p>\n\n\n\n<p><strong>S\u00e9ance n\u00b0 9 : Lundi 14 janvier 2019 \u00e0 18 heures<\/strong><\/p>\n\n\n\n<p><em>L\u2019article L. 434-15-2 du code p\u00e9nal, qui p\u00e9nalise le refus de remettre aux autorit\u00e9s judiciaires la convention secr\u00e8te de d\u00e9chiffrement d\u2019un moyen de cryptologie, porte-t-il atteinte aux droits et libert\u00e9s garantis par la Constitution ?<\/em><\/p>\n\n\n\n<p>Cons. const., 30 mars 2018, d\u00e9cision n\u00b0&nbsp;2018-696 QPC<\/p>\n\n\n\n<p>Rapporteur : Mme L\u00e9a Verdy<\/p>\n\n\n\n<p>1er demandeur : Mme Estelle Hittinger-Roux&nbsp;<\/p>\n\n\n\n<p>2\u00e8me demandeur : Mme Virginie de Mecquenem<\/p>\n\n\n\n<p>1er d\u00e9fendeur : M. Nicolas Guerrero<\/p>\n\n\n\n<p>2\u00e8me d\u00e9fendeur : M. Benjamin Mathieu&nbsp;<\/p>\n\n\n\n<p>1er minist\u00e8re public : M. Fran\u00e7ois Bardoul&nbsp;<\/p>\n\n\n\n<p>2\u00e8me minist\u00e8re public : M. Renaud Alm\u00e9ras&nbsp;<\/p>\n\n\n\n<p><strong>S\u00e9ance n\u00b0 10 : Lundi 21 janvier 2019 \u00e0 18 heures<\/strong><\/p>\n\n\n\n<p><em>E<\/em><em>st-il exclu que l&#8217;employeur licencie une salari\u00e9e au motif qu&rsquo;elle a refus\u00e9 de cesser de porter le voile<\/em>&nbsp;<em>islamique dans le cadre de ses contacts avec les clients&nbsp;<\/em>?<\/p>\n\n\n\n<p>Soc., 22 novembre 2017, pourvoi n\u00b0 13-19.855, publi\u00e9 au bulletin<\/p>\n\n\n\n<p>Rapporteur : M. Philippe Prigent<\/p>\n\n\n\n<p>Demandeur : Mme Delphine Archer&nbsp;<\/p>\n\n\n\n<p>D\u00e9fendeur : Mme B\u00e9n\u00e9dicte Parnaudeau&nbsp;<\/p>\n\n\n\n<p><strong>S\u00e9ance n\u00b0 11 : Lundi 28 janvier 2019 \u00e0 18 heures<\/strong><\/p>\n\n\n\n<p><em>Le droit de tout justiciable \u00e0 ce que sa cause soit entendue par un tribunal ind\u00e9pendant et impartial fait-il obstacle \u00e0 ce qu&rsquo;une audience soit d\u00e9localis\u00e9e dans l&#8217;emprise ferroviaire, portuaire ou a\u00e9roportuaire dans laquelle est situ\u00e9e la zone d\u2019attente o\u00f9 sont maintenus les ressortissants \u00e9trangers susceptibles d\u2019\u00eatre jug\u00e9s ?<\/em><\/p>\n\n\n\n<p>Civ. 1re, 11 juillet 2018, pourvoi n\u00b0 18-10.062, publi\u00e9 au bulletin<\/p>\n\n\n\n<p>Rapporteur : M. Pierre Kremp<\/p>\n\n\n\n<p>1er demandeur : M. Nabil Kenana<\/p>\n\n\n\n<p>2\u00e8me demandeur : Mme Marie Badiane&nbsp;<\/p>\n\n\n\n<p>1er d\u00e9fendeur : Mme Sophie Debruyne&nbsp;<\/p>\n\n\n\n<p>2\u00e8me d\u00e9fendeur : Mme Claire Perret&nbsp;<\/p>\n\n\n\n<p>1er minist\u00e8re public : Mme Jenny Waszek<\/p>\n\n\n\n<p>2\u00e8me minist\u00e8re public : M. Christophe Fabre&nbsp;<\/p>\n\n\n\n<p><strong>S\u00e9ance n\u00b0 12 : Lundi 4 f\u00e9vrier 2019 \u00e0 18 heures<\/strong><\/p>\n\n\n\n<p><em>L\u2019utilisation \u00e0 des fins commerciales<\/em>&nbsp;<em>de l\u2019image d\u2019un<\/em><em>&nbsp;bien appartenant au domaine public justifie-t-elle le versement d\u2019une contrepartie financi\u00e8re ?<\/em><\/p>\n\n\n\n<p>CE, Ass., 13 avril 2018 , req. n\u00b0&nbsp;397047, publi\u00e9 au recueil<\/p>\n\n\n\n<p>Rapporteur : Mme Pauline Le Prado<\/p>\n\n\n\n<p>1er demandeur : Mme Andrea Londono Lopez&nbsp;<\/p>\n\n\n\n<p>2\u00e8me demandeur : Mme Ir\u00e8ne Delaunay&nbsp;<\/p>\n\n\n\n<p>1er d\u00e9fendeur : Mme Camille Boulanger&nbsp;<\/p>\n\n\n\n<p>2\u00e8me d\u00e9fendeur : M. Paul Voigt&nbsp;<\/p>\n\n\n\n<p>1er minist\u00e8re public : Mme Laure Colonna d&rsquo;Istria&nbsp;<\/p>\n\n\n\n<p>2\u00e8me minist\u00e8re public : M. Freddy Leprodhomme<\/p>\n\n\n\n<p><strong>S\u00e9ance n\u00b0 13 : Lundi 11 f\u00e9vrier 2019 \u00e0 18 heures<\/strong><\/p>\n\n\n\n<p><em>Une soci\u00e9t\u00e9 qui reprend une activit\u00e9 avec transfert de contrats de travail par voie de garantie conventionnelle peut-elle refuser aux nouveaux salari\u00e9s des avantages accord\u00e9s \u00e0 ses anciens salari\u00e9s lorsque tous accomplissent le m\u00eame travail pour le m\u00eame employeur sur le m\u00eame site&nbsp;?<\/em><\/p>\n\n\n\n<p>Soc., 30 novembre 2017, pourvoi n\u00b0 16-20.532, publi\u00e9 au bulletin<\/p>\n\n\n\n<p>Rapporteur : Mme L\u00e9a Verdy<\/p>\n\n\n\n<p>Demandeur : M. Christophe Bertagnolio<\/p>\n\n\n\n<p>D\u00e9fendeur : Mme Valentine Espinassous&nbsp;<\/p>\n\n\n\n<p>Minist\u00e8re public : Mme Virginie de Mecquenem<\/p>\n\n\n\n<p><strong>S\u00e9ance n\u00b0 14 : Lundi 18 f\u00e9vrier 2019 \u00e0 18 heures<\/strong><\/p>\n\n\n\n<p><em>Les interpr\u00e8tes d&rsquo;une musique enregistr\u00e9e pour la r\u00e9alisation d&rsquo;une \u0153uvre audiovisuelle peuvent-ils revendiquer des droits d&rsquo;exploitation pour la fixation de l&rsquo;\u0153uvre sur un nouveau support ?<\/em><\/p>\n\n\n\n<p>Ass. Pl\u00e9n., 16 f\u00e9vrier 2018, pourvoi n\u00b0&nbsp;16-14.292, publi\u00e9 au bulletin<\/p>\n\n\n\n<p>Rapporteur : M. Philippe Prigent<\/p>\n\n\n\n<p>1er demandeur : Mme B\u00e9n\u00e9dicte Rousseau&nbsp;<\/p>\n\n\n\n<p>2\u00e8me demandeur : M. Amaury Bousquet&nbsp;<\/p>\n\n\n\n<p>D\u00e9fendeur : M. Julien Boddaert&nbsp;<\/p>\n\n\n\n<p>Minist\u00e8re public : M. Cyprien B\u00e8s de Berc&nbsp;<\/p>\n\n\n\n<p><strong>S\u00e9ance n\u00b0 15 : Lundi 11 mars 2019 \u00e0 18 heures<\/strong><\/p>\n\n\n\n<p><em>Peut-on invoquer les vices de forme et de proc\u00e9dure entachant un acte r\u00e9glementaire au soutien d\u2019un recours pour exc\u00e8s de pouvoir contre le refus d\u2019abroger cet acte ?<\/em><\/p>\n\n\n\n<p>CE, Ass., 18 mai 2018, req. n\u00b0&nbsp;414583, publi\u00e9 au recueil<\/p>\n\n\n\n<p>Rapporteur : M. Pierre Kremp<\/p>\n\n\n\n<p>1er demandeur : Mme Mathilde Cesaro&nbsp;<\/p>\n\n\n\n<p>2\u00e8me demandeur : M. Fran\u00e7ois Bardoul&nbsp;<\/p>\n\n\n\n<p>1er d\u00e9fendeur : Mme Claire Lyautey<\/p>\n\n\n\n<p>2\u00e8me d\u00e9fendeur : M. Freddy Leprodhomme&nbsp;<\/p>\n\n\n\n<p>1er minist\u00e8re public : Mme Sophie Debruyne<\/p>\n\n\n\n<p>2\u00e8me minist\u00e8re public : Mme Elodie Pasco&nbsp;<\/p>\n\n\n\n<p><strong>S\u00e9ance n\u00b0 16 : Lundi 18 mars 2019 \u00e0 14 heures 30<\/strong><\/p>\n\n\n\n<p><em>Le fait pour une femme d\u2019exposer \u00e0 la vue d\u2019autrui, en dehors de tout \u00e9l\u00e9ment intentionnel de nature sexuelle, sa poitrine sur laquelle est inscrit un message visant \u00e0 exprimer une opinion, constitue-t-il le d\u00e9lit d\u2019exhibition sexuelle&nbsp;?<\/em><\/p>\n\n\n\n<p>Crim., 10 janvier 2018, pourvoi n\u00b0 17-80.816, publi\u00e9 au bulletin<\/p>\n\n\n\n<p>Rapporteur : Mme Pauline Le Prado<\/p>\n\n\n\n<p>1er demandeur : M. Christophe Delaisement&nbsp;<\/p>\n\n\n\n<p>2\u00e8me demandeur : Mme Delphine Archer<\/p>\n\n\n\n<p>D\u00e9fendeur : Mme Myriam Gougeon&nbsp;<\/p>\n\n\n\n<p>1er minist\u00e8re public : M. Nabil Kenana<\/p>\n\n\n\n<p>2\u00e8me minist\u00e8re public : M. Paul-Henry Deveze&nbsp;<\/p>\n","protected":false},"excerpt":{"rendered":"<p>Vous pouvez t\u00e9l\u00e9charger le&nbsp;programme 2018-2019 du premier tour&nbsp;ainsi que le&nbsp;calendrier des s\u00e9ances de la Conf\u00e9rence. Premier tour de la Conf\u00e9rence du stage 2018-2019&nbsp; L&rsquo;ensemble des s\u00e9ances de la Conf\u00e9rence auront lieu \u00e0 la Biblioth\u00e8que de l&rsquo;Ordre des avocats aux Conseils, 4 boulevard du Palais, 75001 Paris (entr\u00e9e par la Cour de cassation, galerie Lamoignon). S\u00e9ance &#8230; <a title=\"Programme 2018-2019\" class=\"read-more\" href=\"https:\/\/conferencedustage-aac.com\/index.php\/le-programme-2018-2019\/\">Read more <span class=\"screen-reader-text\">Programme 2018-2019<\/span><\/a><\/p>\n","protected":false},"author":1,"featured_media":0,"parent":0,"menu_order":0,"comment_status":"closed","ping_status":"closed","template":"","meta":[],"_links":{"self":[{"href":"https:\/\/conferencedustage-aac.com\/index.php\/wp-json\/wp\/v2\/pages\/56"}],"collection":[{"href":"https:\/\/conferencedustage-aac.com\/index.php\/wp-json\/wp\/v2\/pages"}],"about":[{"href":"https:\/\/conferencedustage-aac.com\/index.php\/wp-json\/wp\/v2\/types\/page"}],"author":[{"embeddable":true,"href":"https:\/\/conferencedustage-aac.com\/index.php\/wp-json\/wp\/v2\/users\/1"}],"replies":[{"embeddable":true,"href":"https:\/\/conferencedustage-aac.com\/index.php\/wp-json\/wp\/v2\/comments?post=56"}],"version-history":[{"count":3,"href":"https:\/\/conferencedustage-aac.com\/index.php\/wp-json\/wp\/v2\/pages\/56\/revisions"}],"predecessor-version":[{"id":382,"href":"https:\/\/conferencedustage-aac.com\/index.php\/wp-json\/wp\/v2\/pages\/56\/revisions\/382"}],"wp:attachment":[{"href":"https:\/\/conferencedustage-aac.com\/index.php\/wp-json\/wp\/v2\/media?parent=56"}],"curies":[{"name":"wp","href":"https:\/\/api.w.org\/{rel}","templated":true}]}}