{"id":78,"date":"2020-09-26T17:39:17","date_gmt":"2020-09-26T15:39:17","guid":{"rendered":"http:\/\/conferencedustage-aac.com\/?page_id=78"},"modified":"2025-10-07T11:21:08","modified_gmt":"2025-10-07T09:21:08","slug":"presentation","status":"publish","type":"page","link":"https:\/\/conferencedustage-aac.com\/index.php\/presentation\/","title":{"rendered":"PR\u00c9SENTATION"},"content":{"rendered":"\n<p>La Conf\u00e9rence du stage des avocats au Conseil d&rsquo;\u00c9tat et \u00e0 la Cour de cassation est un concours d&rsquo;\u00e9loquence et de rh\u00e9torique judiciaire,&nbsp;<strong>lieu de d\u00e9bat ouvert \u00e0 tous<\/strong>. Elle est rattach\u00e9e \u00e0 <a href=\"http:\/\/www.ordre-avocats-cassation.fr\/\" data-type=\"URL\" data-id=\"http:\/\/www.ordre-avocats-cassation.fr\/\">l&rsquo;Ordre des&nbsp;avocats aux Conseils<\/a>, dont les membres sont notamment charg\u00e9s de porter les pourvois devant la Cour de cassation et la Conseil d&rsquo;\u00c9tat.<\/p>\n\n\n\n<h4>Reconstruire des proc\u00e8s fameux<\/h4>\n\n\n\n<p>L&rsquo;objet de ce concours est de&nbsp;<strong>reconstruire des proc\u00e8s<\/strong>&nbsp;ayant donn\u00e9 lieu \u00e0 des d\u00e9cisions r\u00e9centes des Hautes juridictions fran\u00e7aises (Cour de cassation, Conseil d&rsquo;\u00c9tat et Conseil constitutionnel) et europ\u00e9ennes (Cour de justice de l&rsquo;Union europ\u00e9enne et Cour europ\u00e9enne des droits de l&rsquo;homme).<\/p>\n\n\n\n<p>Les arr\u00eats choisis brassent l&rsquo;ensemble des domaines du droit : droit p\u00e9nal, droit social, droit administratif et droit civil au sens large.&nbsp;Ils ont tous suscit\u00e9 un d\u00e9bat juridique ou soci\u00e9tal \u2014 le plus souvent, les deux \u00e0 la fois.<\/p>\n\n\n\n<p>Ces derni\u00e8res ann\u00e9es, des s\u00e9ances ont ainsi port\u00e9 sur :<\/p>\n\n\n\n<ul><li>la reconnaissance d&rsquo;un enfant n\u00e9 d&rsquo;une&nbsp;<strong>convention de m\u00e8re porteuse&nbsp;<\/strong>faite \u00e0 l&rsquo;\u00e9tranger ;<\/li><li>la possibilit\u00e9 d&rsquo;interroger une personne en&nbsp;<strong>garde \u00e0 vue&nbsp;<\/strong>sans l&rsquo;<strong>assistance d&rsquo;un avocat<\/strong> ;<\/li><li>le droit pour un&nbsp;<strong>gendarme<\/strong>&nbsp;<strong>chercheur<\/strong>&nbsp;au CNRS de&nbsp;<strong>critiquer le gouvernement<\/strong> ;<\/li><li>la condamnation pour injure d&rsquo;un&nbsp;<strong>d\u00e9put\u00e9<\/strong>&nbsp;ayant&nbsp;<strong>affirm\u00e9 tenir l&rsquo;homosexualit\u00e9 pour dangereuse<\/strong> ;&nbsp;<\/li><li>le refus d&rsquo;octroyer la&nbsp;<strong>nationalit\u00e9 fran\u00e7aise<\/strong>&nbsp;fond\u00e9 sur la&nbsp;<strong>pratique radicale d&rsquo;une religion<\/strong> ;&nbsp;<\/li><li>le droit au recours contre une&nbsp;<strong>mesure d&rsquo;isolement<\/strong>&nbsp;prise par l&rsquo;administration&nbsp;<strong>p\u00e9nitentiaire&#8230;<\/strong><\/li><li>mais aussi la question de ce&nbsp;<strong>chasseur qui tua un ours<\/strong>&nbsp;d&rsquo;une esp\u00e8ce prot\u00e9g\u00e9e alors qu&rsquo;il s&rsquo;\u00e9tait mis lui-m\u00eame en situation de danger ; ou encore celle de ce sup\u00e9rieur hi\u00e9rarchique qui avait f<strong>ait croire \u00e0 son subordonn\u00e9 que celui-ci entretenait une relation amoureuse virtuelle<\/strong>&nbsp;<strong>avec deux femmes<\/strong>&nbsp;pendant plus d&rsquo;un an&#8230;<\/li><\/ul>\n\n\n\n<p>Autant de questions qui<strong>&nbsp;interpellent le juriste autant que le citoyen<\/strong>, et qui justifient un nouveau d\u00e9bat. Un d\u00e9bat juridique bien s\u00fbr, mais aussi d&rsquo;opportunit\u00e9, et bien souvent emprunt de morale : en r\u00e9sum\u00e9, un d\u00e9bat de soci\u00e9t\u00e9.<\/p>\n\n\n\n<h4>Un concours d&rsquo;\u00e9loquence plus que centenaire<\/h4>\n\n\n\n<p>La Conf\u00e9rence du stage est n\u00e9e sous l&rsquo;Ancien r\u00e9gime. Elle a donc <a href=\"https:\/\/www.ordre-avocats-cassation.fr\/sites\/default\/files\/foussard_conference_du_stage.pdf\" data-type=\"URL\" data-id=\"https:\/\/www.ordre-avocats-cassation.fr\/sites\/default\/files\/foussard_conference_du_stage.pdf\">plusieurs si\u00e8cles d&rsquo;histoire<\/a>, comme vous pourrez le d\u00e9couvrir sous la plume de Me Dominique FOUSSARD, Avocat au Conseil d\u2019\u00c9tat et \u00e0 la Cour de cassation. Si ses origines sont en r\u00e9alit\u00e9 bien plus anciennes, le concours existe dans sa forme actuelle depuis 1890.<\/p>\n\n\n\n<p>Les laur\u00e9ats du concours annuel de la Conf\u00e9rence sont les&nbsp;<a href=\"https:\/\/conferencedustage-aac.com\/index.php\/les-secretaires-de-la-conference\/\" data-type=\"URL\" data-id=\"https:\/\/conferencedustage-aac.com\/index.php\/les-secretaires-de-la-conference\/\">quatre secr\u00e9taires de la Conf\u00e9rence du stage<\/a><strong>,&nbsp;<\/strong>d\u00e9sign\u00e9s \u00e0 l&rsquo;issue de quatre discours et de trois phases de s\u00e9lection, le dernier tour se d\u00e9roulant en pr\u00e9sence des secr\u00e9taires et de l&rsquo;ensemble des membres du&nbsp;<strong>Conseil de l&rsquo;Ordre&nbsp;<\/strong>des avocats aux Conseils.<\/p>\n\n\n\n<p>Ce sont eux qui, en commun, d\u00e9signent les quatre nouveaux secr\u00e9taires.<\/p>\n\n\n\n<p>Ces derniers sont notamment en charge d&rsquo;organiser le concours de la Conf\u00e9rence de l&rsquo;ann\u00e9e suivante, assurant la transmission de cette&nbsp;<strong>tradition de d\u00e9bat&nbsp;<\/strong>et la continuation d&rsquo;un des plus anciens, sinon le plus ancien, concours d&rsquo;\u00e9loquence en France.<\/p>\n\n\n\n<p>\u00c0 l\u2019issue du concours annuel, les nouveaux secr\u00e9taires sont admis comme membres de l\u2019<em><a href=\"https:\/\/conferencedustage-aac.com\/index.php\/lassociation-des-anciens-secretaires\/\" data-type=\"URL\" data-id=\"https:\/\/conferencedustage-aac.com\/index.php\/lassociation-des-anciens-secretaires\/\">Association amicale des secr\u00e9taires et anciens secr\u00e9taires de la Conf\u00e9rence du stage des avocats au Conseil d\u2019\u00c9tat et \u00e0 la Cour de cassation<\/a><\/em>.<\/p>\n","protected":false},"excerpt":{"rendered":"<p>La Conf\u00e9rence du stage des avocats au Conseil d&rsquo;\u00c9tat et \u00e0 la Cour de cassation est un concours d&rsquo;\u00e9loquence et de rh\u00e9torique judiciaire,&nbsp;lieu de d\u00e9bat ouvert \u00e0 tous. Elle est rattach\u00e9e \u00e0 l&rsquo;Ordre des&nbsp;avocats aux Conseils, dont les membres sont notamment charg\u00e9s de porter les pourvois devant la Cour de cassation et la Conseil d&rsquo;\u00c9tat. &#8230; <a title=\"PR\u00c9SENTATION\" class=\"read-more\" href=\"https:\/\/conferencedustage-aac.com\/index.php\/presentation\/\">Read more <span class=\"screen-reader-text\">PR\u00c9SENTATION<\/span><\/a><\/p>\n","protected":false},"author":1,"featured_media":0,"parent":0,"menu_order":0,"comment_status":"closed","ping_status":"closed","template":"","meta":[],"_links":{"self":[{"href":"https:\/\/conferencedustage-aac.com\/index.php\/wp-json\/wp\/v2\/pages\/78"}],"collection":[{"href":"https:\/\/conferencedustage-aac.com\/index.php\/wp-json\/wp\/v2\/pages"}],"about":[{"href":"https:\/\/conferencedustage-aac.com\/index.php\/wp-json\/wp\/v2\/types\/page"}],"author":[{"embeddable":true,"href":"https:\/\/conferencedustage-aac.com\/index.php\/wp-json\/wp\/v2\/users\/1"}],"replies":[{"embeddable":true,"href":"https:\/\/conferencedustage-aac.com\/index.php\/wp-json\/wp\/v2\/comments?post=78"}],"version-history":[{"count":5,"href":"https:\/\/conferencedustage-aac.com\/index.php\/wp-json\/wp\/v2\/pages\/78\/revisions"}],"predecessor-version":[{"id":1620,"href":"https:\/\/conferencedustage-aac.com\/index.php\/wp-json\/wp\/v2\/pages\/78\/revisions\/1620"}],"wp:attachment":[{"href":"https:\/\/conferencedustage-aac.com\/index.php\/wp-json\/wp\/v2\/media?parent=78"}],"curies":[{"name":"wp","href":"https:\/\/api.w.org\/{rel}","templated":true}]}}